o base 4.
2012322
-255040 (base 6) to base 8
-55140
Convert 22a80 (base 13) to base 7.
352402
What is -10430 (base 5) in base 12?
-518
What is -13b3 (base 12) in base 4?
-203313
-12984 (base 10) to base 9
-18726
644 (base 12) to base 7
2446
Convert 2d (base 16) to base 9.
50
4053 (base 9) to base 13
1470
Convert 111011100000 (base 2) to base 13.
196c
Convert -133 (base 16) to base 9.
-371
Convert -10000100010001 (base 2) to base 3.
-102121112
2433 (base 9) to base 10
1812
Convert -1000332 (base 5) to base 15.
-49cc
What is 10453 (base 6) in base 11?
111a
a5 (base 11) to base 2
1110011
Convert -445 (base 12) to base 5.
-10004
What is 1919 (base 15) in base 10?
5424
705 (base 10) to base 15
320
What is -bb42 (base 13) in base 16?
-65e0
What is -2423 (base 16) in base 2?
-10010000100011
Convert -1263 (base 8) to base 5.
-10231
-64a (base 16) to base 5
-22420
Convert 16a82 (base 15) to base 5.
4320442
Convert 14326 (base 7) to base 4.
331210
-34c6 (base 14) to base 8
-21746
What is -100001110110 (base 2) in base 12?
-1306
Convert 16146 (base 7) to base 12.
2766
1113 (base 5) to base 4
2132
10366 (base 8) to base 4
1003312
Convert -10212021 (base 3) to base 16.
-aff
493 (base 10) to base 9
607
What is -135b (base 13) in base 10?
-2780
c4 (base 15) to base 8
270
What is 1045054 (base 6) in base 4?
30323122
-21823 (base 11) to base 2
-111101101110110
4221 (base 5) to base 9
683
4026 (base 10) to base 14
1678
What is 335531 (base 6) in base 12?
145a7
What is -46c (base 16) in base 14?
-5ac
Convert 230211 (base 5) to base 3.
102020000
434 (base 6) to base 14
bc
What is -e79 (base 16) in base 7?
-13542
-1661 (base 8) to base 14
-4b7
-11201211 (base 3) to base 15
-1051
Convert -47d (base 14) to base 5.
-12040
2323321 (base 4) to base 3
121111101
What is 269 (base 12) in base 4?
11301
Convert -45052 (base 6) to base 14.
-241a
What is -965 (base 11) in base 10?
-1160
24b (base 14) to base 12
323
Convert 9531 (base 12) to base 5.
1010214
13024 (base 5) to base 12
706
40454 (base 6) to base 13
2596
Convert 14250 (base 7) to base 13.
1a16
Convert 3cc (base 14) to base 12.
540
What is 1111111 (base 2) in base 13?
9a
What is -24595 (base 12) in base 9?
-74455
2533 (base 8) to base 4
111123
What is -110231 (base 5) in base 7?
-14061
Convert 110010011 (base 2) to base 3.
112221
772 (base 12) to base 11
905
Convert b81f (base 16) to base 14.
1326b
Convert -404215 (base 6) to base 4.
-13310303
34422 (base 5) to base 12
1533
-9b0 (base 13) to base 2
-11010000000
What is -10116 (base 9) in base 3?
-100010120
23 (base 16) to base 2
100011
Convert -200210 (base 3) to base 2.
-111111011
7d (base 16) to base 11
104
What is 10168 (base 15) in base 11?
35307
Convert -1096 (base 14) to base 8.
-5474
-6568 (base 15) to base 12
-10515
Convert -10010111011 (base 2) to base 5.
-14321
-407 (base 12) to base 2
-1001000111
1203440 (base 6) to base 5
4004044
What is 11542 (base 9) in base 2?
1111000110101
Convert 1b58 (base 13) to base 9.
5587
5041 (base 9) to base 10
3682
-2465 (base 11) to base 13
-1606
What is -1111 (base 7) in base 14?
-208
Convert 575 (base 9) to base 3.
122112
What is -794 (base 11) in base 3?
-1022012
What is 42512 (base 7) in base 9?
15415
-11143 (base 5) to base 4
-30132
What is 21102302 (base 4) in base 12?
1a042
What is -1de (base 15) in base 13?
-275
What is -1201210 (base 3) in base 14?
-663
What is -13210 (base 5) in base 13?
-632
-70810 (base 10) to base 16
-1149a
Convert -2220 (base 3) to base 13.
-60
Convert 2003 (base 7) to base 9.
845
-133120 (base 5) to base 15
-190a
Convert 421662 (base 7) to base 4.
101300013
What is -23767 (base 10) in base 6?
-302011
-11101101010 (base 2) to base 6
-12442
Convert 1100101001 (base 3) to base 4.
12132103
What is 12013 (base 6) in base 7?
5031
Convert -110000000 (base 2) to base 12.
-280
Convert -144043 (base 5) to base 8.
-14004
What is 22a6 (base 11) in base 13?
14b4
Convert -41aa (base 11) to base 13.
-26c1
What is 649 (base 12) in base 11?
768
11122 (base 3) to base 4
1331
303 (base 5) to base 14
58
Convert -11111001 (base 2) to base 12.
-189
100000100001 (base 2) to base 9
2762
What is 11000202 (base 3) in base 15?
d0b
Convert -b1 (base 16) to base 8.
-261
Convert -111101111000 (base 2) to base 10.
-3960
What is -2022 (base 5) in base 12?
-19a
Convert 222110 (base 3) to base 15.
329
-210111 (base 3) to base 7
-1456
Convert 34c1 (base 13) to base 9.
11158
Convert -425 (base 9) to base 8.
-533
-3566 (base 8) to base 10
-1910
What is 767 (base 9) in base 13?
394
-207 (base 14) to base 6
-1503
What is -1011000011 (base 2) in base 16?
-2c3
What is 10012212 (base 3) in base 2?
100100101001
-144 (base 14) to base 9
-314
Convert 20011 (base 3) to base 6.
434
What is 3a4c (base 14) in base 13?
4893
Convert 104414 (base 6) to base 16.
225a
What is -1049 (base 16) in base 6?
-31145
Convert -14420 (base 5) to base 11.
-a23
Convert 1010001011010 (base 2) to base 7.
21122
Convert -9a (base 12) to base 7.
-226
-8d9 (base 14) to base 15
-7c4
Convert -1010110101100 (base 2) to base 13.
-26aa
138a (base 15) to base 6
31204
What is -585c (base 13) in base 5?
-344124
-468 (base 9) to base 13
-239
Convert 47d (base 14) to base 5.
12040
1111111000 (base 2) to base 16
3f8
Convert 1110011011010 (base 2) to base 9.
11116
65a5 (base 12) to base 9
16338
Convert 221222221 (base 3) to base 5.
1101302
What is -414324 (base 5) in base 14?
-4dd8
Convert 20000 (base 4) to base 2.
1000000000
What is -111001001110 (base 2) in base 15?
-1142
Convert -13023213 (base 4) to base 14.
-aa11
-50334 (base 7) to base 16
-2f91
Convert -1239 (base 11) to base 13.
-973
Convert -320 (base 15) to base 3.
-222010
What is 1573 (base 8) in base 7?
2412
1046 (base 12) to base 6
12130
Convert -72 (base 11) to base 16.
-4f
-425 (base 7) to base 16
-d7
Convert -1033 (base 4) to base 11.
-72
-e8 (base 15) to base 6
-1002
10454 (base 7) to base 3
10121122
What is -1163 (base 7) in base 4?
-12311
Convert -34 (base 12) to base 11.
-37
What is -945 (base 15) in base 3?
-2212102
583 (base 9) to base 10
480
13868 (base 12) to base 5
1332102
What is 5443 (base 8) in base 14?
1079
Convert -17349 (base 11) to base 14.
-8c50
Convert -4835 (base 16) to base 11.
-12985
What is -b52 (base 13) in base 8?
-3606
What is 6838 (base 12) in base 16?
2d2c
Convert 4db8 (base 14) to base 16.
3576
172 (base 14) to base 2
100101000
Convert 6358 (base 13) to base 7.
55060
What is 306402 (base 7) in base 3?
2200021000
Convert 1408 (base 13) to base 16.
b41
What is 11100010100 (base 2) in base 7?
5166
-6647 (base 10) to base 3
-100010012
200012 (base 4) to base 9
2732
Convert -4521 (base 8) to base 4.
-211101
13503 (base 7) to base 12
2166
What is 11101010111010 (base 2) in base 7?
61555
Convert 16d5 (base 14) to base 11.
30a4
What is -1976 (base 11) in base 10?
-2503
What is 1594 (base 11) in base 15?
90e
-5739 (base 11) to base 4
-1311320
What is -1000101110110001 (base 2) in base 16?
-8bb1
Convert -1033 (base 14) to base 7.
-11063
What is 75c (base 15) in base 4?
121332
Convert 4d4 (base 16) to base 14.
644
What is 1d8 (base 16) in base 12?
334
-7bb5 (base 15) to base 2
-110011010011110
2a6b (base 16) to base 6
122135
-383 (base 16) to base 4
-32003
501003 (base 6) to base 14
1036b
18a9 (base 12) to base 15
d59
Convert -30564 (base 9) to base 6.
-233134
What is -5014 (base 9) in base 8?
-7112
What is ac (base 15) in base 9?
200
7c7 (base 16) to base 12
119b
Convert -202100 (base 3) to base 7.
-1413
Convert -216 (base 14) to base 10.
-412
Convert 226 (base 10) to base 9.
271
-10111111100110 (base 2) to base 10
-12262
What is -35093 (base 11) in base 16?
-c5f8
Convert 30030 (base 4) to base 14.
3da
-54535 (base 6) to base 16
-1d7b
What is -2a2 (base 12) in base 15?
-1c5
Convert -1c7 (base 15) to base 2.
-110011100
11757 (base 8) to base 3
21000000
Convert -4243 (base 7) to base 13.
-8b6
Convert 4b5 (base 13) to base 11.
68a
What is -ab (base 16) in base 3?
-20100
126a (base 12) to base 16
832
Convert 12023 (base 8) to base 2.
1010000010011
Convert 21514 (base 7) to base 8.
12431
Convert -4131 (base 9) to base 5.
-44100
Convert -10031 (base 6) to base 8.
-2443
1080 (base 12) to base 7
5214
Convert -11e (base 16) to base 15.
-141
11011011100 (base 2) to base 3
2102001
Convert 51044 (b